{"id":165,"date":"2023-04-16T20:52:59","date_gmt":"2023-04-16T18:52:59","guid":{"rendered":"https:\/\/sybiomed.com\/?page_id=165"},"modified":"2025-01-25T18:04:33","modified_gmt":"2025-01-25T17:04:33","slug":"mentions-legales","status":"publish","type":"page","link":"https:\/\/sybiomed.com\/index.php\/mentions-legales\/","title":{"rendered":"Mentions l\u00e9gales"},"content":{"rendered":"\t\t<div data-elementor-type=\"wp-page\" data-elementor-id=\"165\" class=\"elementor elementor-165\" data-elementor-post-type=\"page\">\n\t\t\t\t\t\t<section class=\"elementor-section elementor-top-section elementor-element elementor-element-82f8e86 elementor-section-boxed elementor-section-height-default elementor-section-height-default\" data-id=\"82f8e86\" data-element_type=\"section\" data-settings=\"{&quot;ekit_has_onepagescroll_dot&quot;:&quot;yes&quot;}\">\n\t\t\t\t\t\t<div class=\"elementor-container elementor-column-gap-default\">\n\t\t\t\t\t<div class=\"elementor-column elementor-col-100 elementor-top-column elementor-element elementor-element-78529a3\" data-id=\"78529a3\" data-element_type=\"column\">\n\t\t\t<div class=\"elementor-widget-wrap elementor-element-populated\">\n\t\t\t\t\t\t<div class=\"elementor-element elementor-element-49adde5 elementor-widget elementor-widget-text-editor\" data-id=\"49adde5\" data-element_type=\"widget\" data-settings=\"{&quot;ekit_we_effect_on&quot;:&quot;none&quot;}\" data-widget_type=\"text-editor.default\">\n\t\t\t\t<div class=\"elementor-widget-container\">\n\t\t\t\t\t\t\t\t\t<p>Mentions L\u00e9gales<\/p><p><strong>Exploitant<\/strong><\/p><p>Le pr\u00e9sent site est exploit\u00e9 par Sybiomed (ci-apr\u00e8s d\u00e9sign\u00e9e par le terme Sybiomed) :<\/p><p>Sybiomed<br \/>SAS au capital de 10.000\u20ac<br \/>RCS Lille Metropole B 801\u00a0757\u00a0295<br \/>Si\u00e8ge social : 11-13 All\u00e9e de la Laiterie &#8211; 59493 Villeneuce d&rsquo;Ascq<br \/>T\u00e9l : (+33) 03 20 82 09 50<br \/>N\u00b0 TVA intracommunautaire : FR48801757295<\/p><p>Pour toute demande de contact, merci d&rsquo;utiliser le formulaire pr\u00e9vu \u00e0 cet effet.<\/p><p><strong>H\u00e9bergeur<\/strong>\u00a0<\/p><p>OVH<\/p><p>RCS Lille M\u00e9tropole 424 761 419 00045<br \/>Code APE 2620Z<br \/>N\u00b0 TVA : FR 22 424 761 419<br \/>Si\u00e8ge social : 2 rue Kellermann &#8211; 59100 Roubaix &#8211; France<\/p><p>T\u00e9l : 1007<\/p><p><strong>Editeur<\/strong><\/p><p>App4indus (Site : app4indus.com &#8211; Contact : info@app4indus.com)<\/p>\t\t\t\t\t\t\t\t<\/div>\n\t\t\t\t<\/div>\n\t\t\t\t\t<\/div>\n\t\t<\/div>\n\t\t\t\t\t<\/div>\n\t\t<\/section>\n\t\t\t\t<\/div>\n\t\t\n    <div class=\"xs_social_share_widget xs_share_url after_content \t\tmain_content  wslu-style-1 wslu-share-box-shaped wslu-fill-colored wslu-none wslu-share-horizontal wslu-theme-font-no wslu-main_content\">\n\n\t\t\n        <ul>\n\t\t\t        <\/ul>\n    <\/div> \n","protected":false},"excerpt":{"rendered":"<p>Mentions L\u00e9gales Exploitant Le pr\u00e9sent site est exploit\u00e9 par Sybiomed (ci-apr\u00e8s d\u00e9sign\u00e9e par le terme Sybiomed) : SybiomedSAS au capital de 10.000\u20acRCS Lille Metropole B 801\u00a0757\u00a0295Si\u00e8ge social : 11-13 All\u00e9e de la Laiterie &#8211; 59493 Villeneuce d&rsquo;AscqT\u00e9l : (+33) 03 20 82 09 50N\u00b0 TVA intracommunautaire : FR48801757295 Pour toute demande de contact, merci d&rsquo;utiliser [&hellip;]<\/p>\n","protected":false},"author":1,"featured_media":0,"parent":0,"menu_order":0,"comment_status":"closed","ping_status":"closed","template":"elementor_header_footer","meta":{"footnotes":""},"class_list":["post-165","page","type-page","status-publish","hentry"],"yoast_head":"<!-- This site is optimized with the Yoast SEO plugin v27.4 - https:\/\/yoast.com\/product\/yoast-seo-wordpress\/ -->\n<title>Mentions l\u00e9gales - Sybiomed<\/title>\n<meta name=\"robots\" content=\"index, follow, max-snippet:-1, max-image-preview:large, max-video-preview:-1\" \/>\n<link rel=\"canonical\" href=\"https:\/\/sybiomed.com\/index.php\/mentions-legales\/\" \/>\n<meta property=\"og:locale\" content=\"fr_FR\" \/>\n<meta property=\"og:type\" content=\"article\" \/>\n<meta property=\"og:title\" content=\"Mentions l\u00e9gales - Sybiomed\" \/>\n<meta property=\"og:description\" content=\"Mentions L\u00e9gales Exploitant Le pr\u00e9sent site est exploit\u00e9 par Sybiomed (ci-apr\u00e8s d\u00e9sign\u00e9e par le terme Sybiomed) : SybiomedSAS au capital de 10.000\u20acRCS Lille Metropole B 801\u00a0757\u00a0295Si\u00e8ge social : 11-13 All\u00e9e de la Laiterie &#8211; 59493 Villeneuce d&rsquo;AscqT\u00e9l : (+33) 03 20 82 09 50N\u00b0 TVA intracommunautaire : FR48801757295 Pour toute demande de contact, merci d&rsquo;utiliser [&hellip;]\" \/>\n<meta property=\"og:url\" content=\"https:\/\/sybiomed.com\/index.php\/mentions-legales\/\" \/>\n<meta property=\"og:site_name\" content=\"Sybiomed\" \/>\n<meta property=\"article:modified_time\" content=\"2025-01-25T17:04:33+00:00\" \/>\n<meta name=\"twitter:card\" content=\"summary_large_image\" \/>\n<meta name=\"twitter:label1\" content=\"Dur\u00e9e de lecture estim\u00e9e\" \/>\n\t<meta name=\"twitter:data1\" content=\"1 minute\" \/>\n<script type=\"application\/ld+json\" class=\"yoast-schema-graph\">{\"@context\":\"https:\\\/\\\/schema.org\",\"@graph\":[{\"@type\":\"WebPage\",\"@id\":\"https:\\\/\\\/sybiomed.com\\\/index.php\\\/mentions-legales\\\/\",\"url\":\"https:\\\/\\\/sybiomed.com\\\/index.php\\\/mentions-legales\\\/\",\"name\":\"Mentions l\u00e9gales - Sybiomed\",\"isPartOf\":{\"@id\":\"https:\\\/\\\/sybiomed.com\\\/#website\"},\"datePublished\":\"2023-04-16T18:52:59+00:00\",\"dateModified\":\"2025-01-25T17:04:33+00:00\",\"inLanguage\":\"fr-FR\",\"potentialAction\":[{\"@type\":\"ReadAction\",\"target\":[\"https:\\\/\\\/sybiomed.com\\\/index.php\\\/mentions-legales\\\/\"]}]},{\"@type\":\"WebSite\",\"@id\":\"https:\\\/\\\/sybiomed.com\\\/#website\",\"url\":\"https:\\\/\\\/sybiomed.com\\\/\",\"name\":\"Sybiomed\",\"description\":\"Au service de votre maintenance biom\u00e9dicale\",\"publisher\":{\"@id\":\"https:\\\/\\\/sybiomed.com\\\/#organization\"},\"potentialAction\":[{\"@type\":\"SearchAction\",\"target\":{\"@type\":\"EntryPoint\",\"urlTemplate\":\"https:\\\/\\\/sybiomed.com\\\/?s={search_term_string}\"},\"query-input\":{\"@type\":\"PropertyValueSpecification\",\"valueRequired\":true,\"valueName\":\"search_term_string\"}}],\"inLanguage\":\"fr-FR\"},{\"@type\":\"Organization\",\"@id\":\"https:\\\/\\\/sybiomed.com\\\/#organization\",\"name\":\"Sybiomed\",\"url\":\"https:\\\/\\\/sybiomed.com\\\/\",\"logo\":{\"@type\":\"ImageObject\",\"inLanguage\":\"fr-FR\",\"@id\":\"https:\\\/\\\/sybiomed.com\\\/#\\\/schema\\\/logo\\\/image\\\/\",\"url\":\"https:\\\/\\\/sybiomed.com\\\/wp-content\\\/uploads\\\/2023\\\/04\\\/logo_sybiomed_noir_png-e1739799369289.png\",\"contentUrl\":\"https:\\\/\\\/sybiomed.com\\\/wp-content\\\/uploads\\\/2023\\\/04\\\/logo_sybiomed_noir_png-e1739799369289.png\",\"width\":1563,\"height\":344,\"caption\":\"Sybiomed\"},\"image\":{\"@id\":\"https:\\\/\\\/sybiomed.com\\\/#\\\/schema\\\/logo\\\/image\\\/\"}}]}<\/script>\n<!-- \/ Yoast SEO plugin. -->","yoast_head_json":{"title":"Mentions l\u00e9gales - Sybiomed","robots":{"index":"index","follow":"follow","max-snippet":"max-snippet:-1","max-image-preview":"max-image-preview:large","max-video-preview":"max-video-preview:-1"},"canonical":"https:\/\/sybiomed.com\/index.php\/mentions-legales\/","og_locale":"fr_FR","og_type":"article","og_title":"Mentions l\u00e9gales - Sybiomed","og_description":"Mentions L\u00e9gales Exploitant Le pr\u00e9sent site est exploit\u00e9 par Sybiomed (ci-apr\u00e8s d\u00e9sign\u00e9e par le terme Sybiomed) : SybiomedSAS au capital de 10.000\u20acRCS Lille Metropole B 801\u00a0757\u00a0295Si\u00e8ge social : 11-13 All\u00e9e de la Laiterie &#8211; 59493 Villeneuce d&rsquo;AscqT\u00e9l : (+33) 03 20 82 09 50N\u00b0 TVA intracommunautaire : FR48801757295 Pour toute demande de contact, merci d&rsquo;utiliser [&hellip;]","og_url":"https:\/\/sybiomed.com\/index.php\/mentions-legales\/","og_site_name":"Sybiomed","article_modified_time":"2025-01-25T17:04:33+00:00","twitter_card":"summary_large_image","twitter_misc":{"Dur\u00e9e de lecture estim\u00e9e":"1 minute"},"schema":{"@context":"https:\/\/schema.org","@graph":[{"@type":"WebPage","@id":"https:\/\/sybiomed.com\/index.php\/mentions-legales\/","url":"https:\/\/sybiomed.com\/index.php\/mentions-legales\/","name":"Mentions l\u00e9gales - Sybiomed","isPartOf":{"@id":"https:\/\/sybiomed.com\/#website"},"datePublished":"2023-04-16T18:52:59+00:00","dateModified":"2025-01-25T17:04:33+00:00","inLanguage":"fr-FR","potentialAction":[{"@type":"ReadAction","target":["https:\/\/sybiomed.com\/index.php\/mentions-legales\/"]}]},{"@type":"WebSite","@id":"https:\/\/sybiomed.com\/#website","url":"https:\/\/sybiomed.com\/","name":"Sybiomed","description":"Au service de votre maintenance biom\u00e9dicale","publisher":{"@id":"https:\/\/sybiomed.com\/#organization"},"potentialAction":[{"@type":"SearchAction","target":{"@type":"EntryPoint","urlTemplate":"https:\/\/sybiomed.com\/?s={search_term_string}"},"query-input":{"@type":"PropertyValueSpecification","valueRequired":true,"valueName":"search_term_string"}}],"inLanguage":"fr-FR"},{"@type":"Organization","@id":"https:\/\/sybiomed.com\/#organization","name":"Sybiomed","url":"https:\/\/sybiomed.com\/","logo":{"@type":"ImageObject","inLanguage":"fr-FR","@id":"https:\/\/sybiomed.com\/#\/schema\/logo\/image\/","url":"https:\/\/sybiomed.com\/wp-content\/uploads\/2023\/04\/logo_sybiomed_noir_png-e1739799369289.png","contentUrl":"https:\/\/sybiomed.com\/wp-content\/uploads\/2023\/04\/logo_sybiomed_noir_png-e1739799369289.png","width":1563,"height":344,"caption":"Sybiomed"},"image":{"@id":"https:\/\/sybiomed.com\/#\/schema\/logo\/image\/"}}]}},"_links":{"self":[{"href":"https:\/\/sybiomed.com\/index.php\/wp-json\/wp\/v2\/pages\/165","targetHints":{"allow":["GET"]}}],"collection":[{"href":"https:\/\/sybiomed.com\/index.php\/wp-json\/wp\/v2\/pages"}],"about":[{"href":"https:\/\/sybiomed.com\/index.php\/wp-json\/wp\/v2\/types\/page"}],"author":[{"embeddable":true,"href":"https:\/\/sybiomed.com\/index.php\/wp-json\/wp\/v2\/users\/1"}],"replies":[{"embeddable":true,"href":"https:\/\/sybiomed.com\/index.php\/wp-json\/wp\/v2\/comments?post=165"}],"version-history":[{"count":17,"href":"https:\/\/sybiomed.com\/index.php\/wp-json\/wp\/v2\/pages\/165\/revisions"}],"predecessor-version":[{"id":839,"href":"https:\/\/sybiomed.com\/index.php\/wp-json\/wp\/v2\/pages\/165\/revisions\/839"}],"wp:attachment":[{"href":"https:\/\/sybiomed.com\/index.php\/wp-json\/wp\/v2\/media?parent=165"}],"curies":[{"name":"wp","href":"https:\/\/api.w.org\/{rel}","templated":true}]}}